{"id":16,"date":"2024-10-22T11:22:02","date_gmt":"2024-10-22T09:22:02","guid":{"rendered":"https:\/\/fermedemenivelle.fr\/?page_id=16"},"modified":"2025-01-01T22:22:40","modified_gmt":"2025-01-01T21:22:40","slug":"marches-ventes-a-la-ferme","status":"publish","type":"page","link":"https:\/\/fermedemenivelle.fr\/index.php\/marches-ventes-a-la-ferme\/","title":{"rendered":"March\u00e9s &#8211; Ventes \u00e0 la ferme"},"content":{"rendered":"\t\t<div data-elementor-type=\"wp-page\" data-elementor-id=\"16\" class=\"elementor elementor-16\" data-elementor-post-type=\"page\">\n\t\t\t\t<div class=\"elementor-element elementor-element-2bc607d e-flex e-con-boxed e-con e-parent\" data-id=\"2bc607d\" data-element_type=\"container\">\n\t\t\t\t\t<div class=\"e-con-inner\">\n\t\t\t\t<div class=\"elementor-element elementor-element-f4d8591 elementor-headline--style-highlight elementor-widget elementor-widget-animated-headline\" data-id=\"f4d8591\" data-element_type=\"widget\" data-settings=\"{&quot;marker&quot;:&quot;double&quot;,&quot;highlighted_text&quot;:&quot;March\\u00e9s &amp; Ventes en direct de la ferme&quot;,&quot;headline_style&quot;:&quot;highlight&quot;,&quot;highlight_animation_duration&quot;:1200}\" data-widget_type=\"animated-headline.default\">\n\t\t\t\t<div class=\"elementor-widget-container\">\n\t\t\t\t\t\t\t<h3 class=\"elementor-headline\">\n\t\t\t\t<span class=\"elementor-headline-dynamic-wrapper elementor-headline-text-wrapper\">\n\t\t\t\t\t<span class=\"elementor-headline-dynamic-text elementor-headline-text-active\">March\u00e9s & Ventes en direct de la ferme<\/span>\n\t\t\t\t<\/span>\n\t\t\t\t<\/h3>\n\t\t\t\t\t\t<\/div>\n\t\t\t\t<\/div>\n\t\t\t\t<div class=\"elementor-element elementor-element-cbce3c4 elementor-widget elementor-widget-heading\" data-id=\"cbce3c4\" data-element_type=\"widget\" data-widget_type=\"heading.default\">\n\t\t\t\t<div class=\"elementor-widget-container\">\n\t\t\t\t\t<h2 class=\"elementor-heading-title elementor-size-default\">\u2794 Les march\u00e9s<\/h2>\t\t\t\t<\/div>\n\t\t\t\t<\/div>\n\t\t\t\t<div class=\"elementor-element elementor-element-811d620 elementor-widget elementor-widget-text-editor\" data-id=\"811d620\" data-element_type=\"widget\" data-widget_type=\"text-editor.default\">\n\t\t\t\t<div class=\"elementor-widget-container\">\n\t\t\t\t\t\t\t\t\t<p><strong>Retrouvez-nous chaque semaine sur les march\u00e9s suivants :\u00a0<\/strong><\/p><p><strong>\u2937 Lundi 8h-13h : Puiseaux (45) &#8211; Place du Martroi<\/strong><\/p><p><strong>\u2937 Mercredi 8h-12h30 : Nemours (77) &#8211; Place de la R\u00e9publique<\/strong><\/p><p><strong>\u2937 Samedi 8h-12h30 : Nemours (77) &#8211; Champ de Mars<\/strong><\/p><p><strong><em>Les commandes en Click&amp;Collect sont possibles pour les march\u00e9s de Puiseaux et de Nemours (samedi uniquement).<\/em><\/strong><\/p>\t\t\t\t\t\t\t\t<\/div>\n\t\t\t\t<\/div>\n\t\t\t\t<div class=\"elementor-element elementor-element-163e44b elementor-widget-divider--view-line elementor-widget elementor-widget-divider\" data-id=\"163e44b\" data-element_type=\"widget\" data-widget_type=\"divider.default\">\n\t\t\t\t<div class=\"elementor-widget-container\">\n\t\t\t\t\t\t\t<div class=\"elementor-divider\">\n\t\t\t<span class=\"elementor-divider-separator\">\n\t\t\t\t\t\t<\/span>\n\t\t<\/div>\n\t\t\t\t\t\t<\/div>\n\t\t\t\t<\/div>\n\t\t\t\t\t<\/div>\n\t\t\t\t<\/div>\n\t\t<div class=\"elementor-element elementor-element-bb04935 e-flex e-con-boxed e-con e-parent\" data-id=\"bb04935\" data-element_type=\"container\">\n\t\t\t\t\t<div class=\"e-con-inner\">\n\t\t\t\t<div class=\"elementor-element elementor-element-f325fbe elementor-widget elementor-widget-heading\" data-id=\"f325fbe\" data-element_type=\"widget\" data-widget_type=\"heading.default\">\n\t\t\t\t<div class=\"elementor-widget-container\">\n\t\t\t\t\t<h2 class=\"elementor-heading-title elementor-size-default\">\u2794 Les ventes en direct de la ferme<\/h2>\t\t\t\t<\/div>\n\t\t\t\t<\/div>\n\t\t\t\t<div class=\"elementor-element elementor-element-2a279df elementor-widget elementor-widget-text-editor\" data-id=\"2a279df\" data-element_type=\"widget\" data-widget_type=\"text-editor.default\">\n\t\t\t\t<div class=\"elementor-widget-container\">\n\t\t\t\t\t\t\t\t\t<p><strong>Retrouvez-nous chaque semaine en direct de la Ferme :\u00a0<\/strong><\/p><p><strong>\u2937 Vendredi\u00a0 : de 15h \u00e0 19h<\/strong><\/p><p><strong>\u2937 Samedi : de 8h30 \u00e0 12h30<\/strong><\/p>\t\t\t\t\t\t\t\t<\/div>\n\t\t\t\t<\/div>\n\t\t\t\t<div class=\"elementor-element elementor-element-6018ea6 elementor-widget-divider--view-line elementor-widget elementor-widget-divider\" data-id=\"6018ea6\" data-element_type=\"widget\" data-widget_type=\"divider.default\">\n\t\t\t\t<div class=\"elementor-widget-container\">\n\t\t\t\t\t\t\t<div class=\"elementor-divider\">\n\t\t\t<span class=\"elementor-divider-separator\">\n\t\t\t\t\t\t<\/span>\n\t\t<\/div>\n\t\t\t\t\t\t<\/div>\n\t\t\t\t<\/div>\n\t\t<div class=\"elementor-element elementor-element-42d6e22 e-con-full e-flex e-con e-child\" data-id=\"42d6e22\" data-element_type=\"container\">\n\t\t\t\t<div class=\"elementor-element elementor-element-39bbaee elementor-widget elementor-widget-heading\" data-id=\"39bbaee\" data-element_type=\"widget\" data-widget_type=\"heading.default\">\n\t\t\t\t<div class=\"elementor-widget-container\">\n\t\t\t\t\t<h2 class=\"elementor-heading-title elementor-size-default\">\u2794 Professionnels<\/h2>\t\t\t\t<\/div>\n\t\t\t\t<\/div>\n\t\t<div class=\"elementor-element elementor-element-f6766c1 e-con-full e-flex e-con e-child\" data-id=\"f6766c1\" data-element_type=\"container\">\n\t\t\t\t<div class=\"elementor-element elementor-element-207781d elementor-widget elementor-widget-text-editor\" data-id=\"207781d\" data-element_type=\"widget\" data-widget_type=\"text-editor.default\">\n\t\t\t\t<div class=\"elementor-widget-container\">\n\t\t\t\t\t\t\t\t\t<p><strong>Contactez-nous directement :<\/strong><\/p><p><strong>gabrielcallard@fermedemenivelle.fr<\/strong><\/p><p><strong>07-77-77-79-14<\/strong><\/p>\t\t\t\t\t\t\t\t<\/div>\n\t\t\t\t<\/div>\n\t\t\t\t<div class=\"elementor-element elementor-element-30e57c5 elementor-widget-divider--view-line elementor-widget elementor-widget-divider\" data-id=\"30e57c5\" data-element_type=\"widget\" data-widget_type=\"divider.default\">\n\t\t\t\t<div class=\"elementor-widget-container\">\n\t\t\t\t\t\t\t<div class=\"elementor-divider\">\n\t\t\t<span class=\"elementor-divider-separator\">\n\t\t\t\t\t\t<\/span>\n\t\t<\/div>\n\t\t\t\t\t\t<\/div>\n\t\t\t\t<\/div>\n\t\t\t\t<\/div>\n\t\t\t\t<\/div>\n\t\t\t\t\t<\/div>\n\t\t\t\t<\/div>\n\t\t<div class=\"elementor-element elementor-element-9c523e4 e-flex e-con-boxed e-con e-parent\" data-id=\"9c523e4\" data-element_type=\"container\">\n\t\t\t\t\t<div class=\"e-con-inner\">\n\t\t\t\t<div class=\"elementor-element elementor-element-eb48009 elementor-widget elementor-widget-gallery\" data-id=\"eb48009\" data-element_type=\"widget\" data-settings=\"{&quot;gallery_layout&quot;:&quot;masonry&quot;,&quot;lazyload&quot;:&quot;yes&quot;,&quot;columns&quot;:4,&quot;columns_tablet&quot;:2,&quot;columns_mobile&quot;:1,&quot;gap&quot;:{&quot;unit&quot;:&quot;px&quot;,&quot;size&quot;:10,&quot;sizes&quot;:[]},&quot;gap_tablet&quot;:{&quot;unit&quot;:&quot;px&quot;,&quot;size&quot;:10,&quot;sizes&quot;:[]},&quot;gap_mobile&quot;:{&quot;unit&quot;:&quot;px&quot;,&quot;size&quot;:10,&quot;sizes&quot;:[]},&quot;link_to&quot;:&quot;file&quot;,&quot;overlay_background&quot;:&quot;yes&quot;,&quot;content_hover_animation&quot;:&quot;fade-in&quot;}\" data-widget_type=\"gallery.default\">\n\t\t\t\t<div class=\"elementor-widget-container\">\n\t\t\t\t\t\t\t<div class=\"elementor-gallery__container\">\n\t\t\t\t\t\t\t<a class=\"e-gallery-item elementor-gallery-item elementor-animated-content\" href=\"https:\/\/fermedemenivelle.fr\/wp-content\/uploads\/2024\/12\/IMG_0577-scaled.jpg\" data-elementor-open-lightbox=\"yes\" data-elementor-lightbox-slideshow=\"eb48009\" data-elementor-lightbox-title=\"IMG_0577\" data-e-action-hash=\"#elementor-action%3Aaction%3Dlightbox%26settings%3DeyJpZCI6NzQ1LCJ1cmwiOiJodHRwczpcL1wvZmVybWVkZW1lbml2ZWxsZS5mclwvd3AtY29udGVudFwvdXBsb2Fkc1wvMjAyNFwvMTJcL0lNR18wNTc3LXNjYWxlZC5qcGciLCJzbGlkZXNob3ciOiJlYjQ4MDA5In0%3D\">\n\t\t\t\t\t<div class=\"e-gallery-image elementor-gallery-item__image\" data-thumbnail=\"https:\/\/fermedemenivelle.fr\/wp-content\/uploads\/2024\/12\/IMG_0577-scaled.jpg\" data-width=\"2560\" data-height=\"1920\" aria-label=\"\" role=\"img\" ><\/div>\n\t\t\t\t\t\t\t\t\t\t\t<div class=\"elementor-gallery-item__overlay\"><\/div>\n\t\t\t\t\t\t\t\t\t\t\t\t\t\t<\/a>\n\t\t\t\t\t\t\t<a class=\"e-gallery-item elementor-gallery-item elementor-animated-content\" href=\"https:\/\/fermedemenivelle.fr\/wp-content\/uploads\/2024\/12\/IMG_0314-scaled.jpg\" data-elementor-open-lightbox=\"yes\" data-elementor-lightbox-slideshow=\"eb48009\" data-elementor-lightbox-title=\"IMG_0314\" data-e-action-hash=\"#elementor-action%3Aaction%3Dlightbox%26settings%3DeyJpZCI6NzQ5LCJ1cmwiOiJodHRwczpcL1wvZmVybWVkZW1lbml2ZWxsZS5mclwvd3AtY29udGVudFwvdXBsb2Fkc1wvMjAyNFwvMTJcL0lNR18wMzE0LXNjYWxlZC5qcGciLCJzbGlkZXNob3ciOiJlYjQ4MDA5In0%3D\">\n\t\t\t\t\t<div class=\"e-gallery-image elementor-gallery-item__image\" data-thumbnail=\"https:\/\/fermedemenivelle.fr\/wp-content\/uploads\/2024\/12\/IMG_0314-scaled.jpg\" data-width=\"1920\" data-height=\"2560\" aria-label=\"\" role=\"img\" ><\/div>\n\t\t\t\t\t\t\t\t\t\t\t<div class=\"elementor-gallery-item__overlay\"><\/div>\n\t\t\t\t\t\t\t\t\t\t\t\t\t\t<\/a>\n\t\t\t\t\t\t\t<a class=\"e-gallery-item elementor-gallery-item elementor-animated-content\" href=\"https:\/\/fermedemenivelle.fr\/wp-content\/uploads\/2024\/10\/1726328486015-scaled.jpg\" data-elementor-open-lightbox=\"yes\" data-elementor-lightbox-slideshow=\"eb48009\" data-elementor-lightbox-title=\"carottes-march\u00e9\" data-e-action-hash=\"#elementor-action%3Aaction%3Dlightbox%26settings%3DeyJpZCI6OTYsInVybCI6Imh0dHBzOlwvXC9mZXJtZWRlbWVuaXZlbGxlLmZyXC93cC1jb250ZW50XC91cGxvYWRzXC8yMDI0XC8xMFwvMTcyNjMyODQ4NjAxNS1zY2FsZWQuanBnIiwic2xpZGVzaG93IjoiZWI0ODAwOSJ9\">\n\t\t\t\t\t<div class=\"e-gallery-image elementor-gallery-item__image\" data-thumbnail=\"https:\/\/fermedemenivelle.fr\/wp-content\/uploads\/2024\/10\/1726328486015-scaled.jpg\" data-width=\"2560\" data-height=\"1928\" aria-label=\"\" role=\"img\" ><\/div>\n\t\t\t\t\t\t\t\t\t\t\t<div class=\"elementor-gallery-item__overlay\"><\/div>\n\t\t\t\t\t\t\t\t\t\t\t\t\t\t<\/a>\n\t\t\t\t\t\t\t<a class=\"e-gallery-item elementor-gallery-item elementor-animated-content\" href=\"https:\/\/fermedemenivelle.fr\/wp-content\/uploads\/2024\/11\/IMG_0340-scaled.jpg\" data-elementor-open-lightbox=\"yes\" data-elementor-lightbox-slideshow=\"eb48009\" data-elementor-lightbox-title=\"IMG_0340\" data-e-action-hash=\"#elementor-action%3Aaction%3Dlightbox%26settings%3DeyJpZCI6NTEzLCJ1cmwiOiJodHRwczpcL1wvZmVybWVkZW1lbml2ZWxsZS5mclwvd3AtY29udGVudFwvdXBsb2Fkc1wvMjAyNFwvMTFcL0lNR18wMzQwLXNjYWxlZC5qcGciLCJzbGlkZXNob3ciOiJlYjQ4MDA5In0%3D\">\n\t\t\t\t\t<div class=\"e-gallery-image elementor-gallery-item__image\" data-thumbnail=\"https:\/\/fermedemenivelle.fr\/wp-content\/uploads\/2024\/11\/IMG_0340-scaled.jpg\" data-width=\"2560\" data-height=\"1920\" aria-label=\"\" role=\"img\" ><\/div>\n\t\t\t\t\t\t\t\t\t\t\t<div class=\"elementor-gallery-item__overlay\"><\/div>\n\t\t\t\t\t\t\t\t\t\t\t\t\t\t<\/a>\n\t\t\t\t\t\t\t<a class=\"e-gallery-item elementor-gallery-item elementor-animated-content\" href=\"https:\/\/fermedemenivelle.fr\/wp-content\/uploads\/2024\/12\/IMG_0327-scaled.jpg\" data-elementor-open-lightbox=\"yes\" data-elementor-lightbox-slideshow=\"eb48009\" data-elementor-lightbox-title=\"IMG_0327\" data-e-action-hash=\"#elementor-action%3Aaction%3Dlightbox%26settings%3DeyJpZCI6NzQ3LCJ1cmwiOiJodHRwczpcL1wvZmVybWVkZW1lbml2ZWxsZS5mclwvd3AtY29udGVudFwvdXBsb2Fkc1wvMjAyNFwvMTJcL0lNR18wMzI3LXNjYWxlZC5qcGciLCJzbGlkZXNob3ciOiJlYjQ4MDA5In0%3D\">\n\t\t\t\t\t<div class=\"e-gallery-image elementor-gallery-item__image\" data-thumbnail=\"https:\/\/fermedemenivelle.fr\/wp-content\/uploads\/2024\/12\/IMG_0327-scaled.jpg\" data-width=\"1920\" data-height=\"2560\" aria-label=\"\" role=\"img\" ><\/div>\n\t\t\t\t\t\t\t\t\t\t\t<div class=\"elementor-gallery-item__overlay\"><\/div>\n\t\t\t\t\t\t\t\t\t\t\t\t\t\t<\/a>\n\t\t\t\t\t\t\t<a class=\"e-gallery-item elementor-gallery-item elementor-animated-content\" href=\"https:\/\/fermedemenivelle.fr\/wp-content\/uploads\/2024\/11\/IMG_0590-scaled.jpg\" data-elementor-open-lightbox=\"yes\" data-elementor-lightbox-slideshow=\"eb48009\" data-elementor-lightbox-title=\"IMG_0590\" data-e-action-hash=\"#elementor-action%3Aaction%3Dlightbox%26settings%3DeyJpZCI6Nzg0LCJ1cmwiOiJodHRwczpcL1wvZmVybWVkZW1lbml2ZWxsZS5mclwvd3AtY29udGVudFwvdXBsb2Fkc1wvMjAyNFwvMTFcL0lNR18wNTkwLXNjYWxlZC5qcGciLCJzbGlkZXNob3ciOiJlYjQ4MDA5In0%3D\">\n\t\t\t\t\t<div class=\"e-gallery-image elementor-gallery-item__image\" data-thumbnail=\"https:\/\/fermedemenivelle.fr\/wp-content\/uploads\/2024\/11\/IMG_0590-scaled.jpg\" data-width=\"1920\" data-height=\"2560\" aria-label=\"\" role=\"img\" ><\/div>\n\t\t\t\t\t\t\t\t\t\t\t<div class=\"elementor-gallery-item__overlay\"><\/div>\n\t\t\t\t\t\t\t\t\t\t\t\t\t\t<\/a>\n\t\t\t\t\t\t\t<a class=\"e-gallery-item elementor-gallery-item elementor-animated-content\" href=\"https:\/\/fermedemenivelle.fr\/wp-content\/uploads\/2024\/11\/IMG_0585-scaled.jpg\" data-elementor-open-lightbox=\"yes\" data-elementor-lightbox-slideshow=\"eb48009\" data-elementor-lightbox-title=\"IMG_0585\" data-e-action-hash=\"#elementor-action%3Aaction%3Dlightbox%26settings%3DeyJpZCI6NzgxLCJ1cmwiOiJodHRwczpcL1wvZmVybWVkZW1lbml2ZWxsZS5mclwvd3AtY29udGVudFwvdXBsb2Fkc1wvMjAyNFwvMTFcL0lNR18wNTg1LXNjYWxlZC5qcGciLCJzbGlkZXNob3ciOiJlYjQ4MDA5In0%3D\">\n\t\t\t\t\t<div class=\"e-gallery-image elementor-gallery-item__image\" data-thumbnail=\"https:\/\/fermedemenivelle.fr\/wp-content\/uploads\/2024\/11\/IMG_0585-scaled.jpg\" data-width=\"1920\" data-height=\"2560\" aria-label=\"\" role=\"img\" ><\/div>\n\t\t\t\t\t\t\t\t\t\t\t<div class=\"elementor-gallery-item__overlay\"><\/div>\n\t\t\t\t\t\t\t\t\t\t\t\t\t\t<\/a>\n\t\t\t\t\t\t\t<a class=\"e-gallery-item elementor-gallery-item elementor-animated-content\" href=\"https:\/\/fermedemenivelle.fr\/wp-content\/uploads\/2024\/11\/IMG_0401-scaled-e1735576735190.jpg\" data-elementor-open-lightbox=\"yes\" data-elementor-lightbox-slideshow=\"eb48009\" data-elementor-lightbox-title=\"IMG_0401\" data-e-action-hash=\"#elementor-action%3Aaction%3Dlightbox%26settings%3DeyJpZCI6NTE5LCJ1cmwiOiJodHRwczpcL1wvZmVybWVkZW1lbml2ZWxsZS5mclwvd3AtY29udGVudFwvdXBsb2Fkc1wvMjAyNFwvMTFcL0lNR18wNDAxLXNjYWxlZC1lMTczNTU3NjczNTE5MC5qcGciLCJzbGlkZXNob3ciOiJlYjQ4MDA5In0%3D\">\n\t\t\t\t\t<div class=\"e-gallery-image elementor-gallery-item__image\" data-thumbnail=\"https:\/\/fermedemenivelle.fr\/wp-content\/uploads\/2024\/11\/IMG_0401-scaled-e1735576735190.jpg\" data-width=\"2560\" data-height=\"1920\" aria-label=\"\" role=\"img\" ><\/div>\n\t\t\t\t\t\t\t\t\t\t\t<div class=\"elementor-gallery-item__overlay\"><\/div>\n\t\t\t\t\t\t\t\t\t\t\t\t\t\t<\/a>\n\t\t\t\t\t<\/div>\n\t\t\t\t\t<\/div>\n\t\t\t\t<\/div>\n\t\t\t\t\t<\/div>\n\t\t\t\t<\/div>\n\t\t\t\t<\/div>\n\t\t","protected":false},"excerpt":{"rendered":"<p>March\u00e9s &#038; Ventes en direct de la ferme \u2794 Les march\u00e9s Retrouvez-nous chaque semaine sur les march\u00e9s suivants :\u00a0 \u2937 Lundi 8h-13h : Puiseaux (45) &#8211; Place du Martroi \u2937 Mercredi 8h-12h30 : Nemours (77) &#8211; Place de la R\u00e9publique \u2937 Samedi 8h-12h30 : Nemours (77) &#8211; Champ de Mars Les commandes en Click&amp;Collect sont [&hellip;]<\/p>\n","protected":false},"author":1,"featured_media":0,"parent":0,"menu_order":0,"comment_status":"closed","ping_status":"closed","template":"","meta":{"footnotes":""},"class_list":["post-16","page","type-page","status-publish","hentry","entry","owp-thumbs-layout-horizontal","owp-btn-normal","owp-tabs-layout-horizontal","has-no-thumbnails","has-product-nav"],"yoast_head":"<!-- This site is optimized with the Yoast SEO plugin v24.2 - https:\/\/yoast.com\/wordpress\/plugins\/seo\/ -->\n<title>March\u00e9s - Ventes \u00e0 la ferme - Ferme de M\u00e9nivelle - Producteur - Mara\u00eecher<\/title>\n<meta name=\"robots\" content=\"index, follow, max-snippet:-1, max-image-preview:large, max-video-preview:-1\" \/>\n<link rel=\"canonical\" href=\"https:\/\/fermedemenivelle.fr\/index.php\/marches-ventes-a-la-ferme\/\" \/>\n<meta property=\"og:locale\" content=\"fr_FR\" \/>\n<meta property=\"og:type\" content=\"article\" \/>\n<meta property=\"og:title\" content=\"March\u00e9s - Ventes \u00e0 la ferme - Ferme de M\u00e9nivelle - Producteur - Mara\u00eecher\" \/>\n<meta property=\"og:description\" content=\"March\u00e9s &#038; Ventes en direct de la ferme \u2794 Les march\u00e9s Retrouvez-nous chaque semaine sur les march\u00e9s suivants :\u00a0 \u2937 Lundi 8h-13h : Puiseaux (45) &#8211; Place du Martroi \u2937 Mercredi 8h-12h30 : Nemours (77) &#8211; Place de la R\u00e9publique \u2937 Samedi 8h-12h30 : Nemours (77) &#8211; Champ de Mars Les commandes en Click&amp;Collect sont [&hellip;]\" \/>\n<meta property=\"og:url\" content=\"https:\/\/fermedemenivelle.fr\/index.php\/marches-ventes-a-la-ferme\/\" \/>\n<meta property=\"og:site_name\" content=\"Ferme de M\u00e9nivelle - Producteur - Mara\u00eecher\" \/>\n<meta property=\"article:modified_time\" content=\"2025-01-01T21:22:40+00:00\" \/>\n<meta name=\"twitter:card\" content=\"summary_large_image\" \/>\n<meta name=\"twitter:label1\" content=\"Dur\u00e9e de lecture estim\u00e9e\" \/>\n\t<meta name=\"twitter:data1\" content=\"1 minute\" \/>\n<script type=\"application\/ld+json\" class=\"yoast-schema-graph\">{\"@context\":\"https:\/\/schema.org\",\"@graph\":[{\"@type\":\"WebPage\",\"@id\":\"https:\/\/fermedemenivelle.fr\/index.php\/marches-ventes-a-la-ferme\/\",\"url\":\"https:\/\/fermedemenivelle.fr\/index.php\/marches-ventes-a-la-ferme\/\",\"name\":\"March\u00e9s - Ventes \u00e0 la ferme - Ferme de M\u00e9nivelle - Producteur - Mara\u00eecher\",\"isPartOf\":{\"@id\":\"https:\/\/fermedemenivelle.fr\/#website\"},\"datePublished\":\"2024-10-22T09:22:02+00:00\",\"dateModified\":\"2025-01-01T21:22:40+00:00\",\"breadcrumb\":{\"@id\":\"https:\/\/fermedemenivelle.fr\/index.php\/marches-ventes-a-la-ferme\/#breadcrumb\"},\"inLanguage\":\"fr-FR\",\"potentialAction\":[{\"@type\":\"ReadAction\",\"target\":[\"https:\/\/fermedemenivelle.fr\/index.php\/marches-ventes-a-la-ferme\/\"]}]},{\"@type\":\"BreadcrumbList\",\"@id\":\"https:\/\/fermedemenivelle.fr\/index.php\/marches-ventes-a-la-ferme\/#breadcrumb\",\"itemListElement\":[{\"@type\":\"ListItem\",\"position\":1,\"name\":\"Accueil\",\"item\":\"https:\/\/fermedemenivelle.fr\/\"},{\"@type\":\"ListItem\",\"position\":2,\"name\":\"March\u00e9s &#8211; Ventes \u00e0 la ferme\"}]},{\"@type\":\"WebSite\",\"@id\":\"https:\/\/fermedemenivelle.fr\/#website\",\"url\":\"https:\/\/fermedemenivelle.fr\/\",\"name\":\"Ferme de M\u00e9nivelle - Producteur - Mara\u00eecher\",\"description\":\"\",\"publisher\":{\"@id\":\"https:\/\/fermedemenivelle.fr\/#organization\"},\"alternateName\":\"Ferme de Menivelle\",\"potentialAction\":[{\"@type\":\"SearchAction\",\"target\":{\"@type\":\"EntryPoint\",\"urlTemplate\":\"https:\/\/fermedemenivelle.fr\/?s={search_term_string}\"},\"query-input\":{\"@type\":\"PropertyValueSpecification\",\"valueRequired\":true,\"valueName\":\"search_term_string\"}}],\"inLanguage\":\"fr-FR\"},{\"@type\":\"Organization\",\"@id\":\"https:\/\/fermedemenivelle.fr\/#organization\",\"name\":\"Ferme de Menivelle\",\"alternateName\":\"Ferme de Menivelle\",\"url\":\"https:\/\/fermedemenivelle.fr\/\",\"logo\":{\"@type\":\"ImageObject\",\"inLanguage\":\"fr-FR\",\"@id\":\"https:\/\/fermedemenivelle.fr\/#\/schema\/logo\/image\/\",\"url\":\"https:\/\/fermedemenivelle.fr\/wp-content\/uploads\/2024\/12\/Tomate-\u2013-copie-3.png\",\"contentUrl\":\"https:\/\/fermedemenivelle.fr\/wp-content\/uploads\/2024\/12\/Tomate-\u2013-copie-3.png\",\"width\":4096,\"height\":4096,\"caption\":\"Ferme de Menivelle\"},\"image\":{\"@id\":\"https:\/\/fermedemenivelle.fr\/#\/schema\/logo\/image\/\"}}]}<\/script>\n<!-- \/ Yoast SEO plugin. -->","yoast_head_json":{"title":"March\u00e9s - Ventes \u00e0 la ferme - Ferme de M\u00e9nivelle - Producteur - Mara\u00eecher","robots":{"index":"index","follow":"follow","max-snippet":"max-snippet:-1","max-image-preview":"max-image-preview:large","max-video-preview":"max-video-preview:-1"},"canonical":"https:\/\/fermedemenivelle.fr\/index.php\/marches-ventes-a-la-ferme\/","og_locale":"fr_FR","og_type":"article","og_title":"March\u00e9s - Ventes \u00e0 la ferme - Ferme de M\u00e9nivelle - Producteur - Mara\u00eecher","og_description":"March\u00e9s &#038; Ventes en direct de la ferme \u2794 Les march\u00e9s Retrouvez-nous chaque semaine sur les march\u00e9s suivants :\u00a0 \u2937 Lundi 8h-13h : Puiseaux (45) &#8211; Place du Martroi \u2937 Mercredi 8h-12h30 : Nemours (77) &#8211; Place de la R\u00e9publique \u2937 Samedi 8h-12h30 : Nemours (77) &#8211; Champ de Mars Les commandes en Click&amp;Collect sont [&hellip;]","og_url":"https:\/\/fermedemenivelle.fr\/index.php\/marches-ventes-a-la-ferme\/","og_site_name":"Ferme de M\u00e9nivelle - Producteur - Mara\u00eecher","article_modified_time":"2025-01-01T21:22:40+00:00","twitter_card":"summary_large_image","twitter_misc":{"Dur\u00e9e de lecture estim\u00e9e":"1 minute"},"schema":{"@context":"https:\/\/schema.org","@graph":[{"@type":"WebPage","@id":"https:\/\/fermedemenivelle.fr\/index.php\/marches-ventes-a-la-ferme\/","url":"https:\/\/fermedemenivelle.fr\/index.php\/marches-ventes-a-la-ferme\/","name":"March\u00e9s - Ventes \u00e0 la ferme - Ferme de M\u00e9nivelle - Producteur - Mara\u00eecher","isPartOf":{"@id":"https:\/\/fermedemenivelle.fr\/#website"},"datePublished":"2024-10-22T09:22:02+00:00","dateModified":"2025-01-01T21:22:40+00:00","breadcrumb":{"@id":"https:\/\/fermedemenivelle.fr\/index.php\/marches-ventes-a-la-ferme\/#breadcrumb"},"inLanguage":"fr-FR","potentialAction":[{"@type":"ReadAction","target":["https:\/\/fermedemenivelle.fr\/index.php\/marches-ventes-a-la-ferme\/"]}]},{"@type":"BreadcrumbList","@id":"https:\/\/fermedemenivelle.fr\/index.php\/marches-ventes-a-la-ferme\/#breadcrumb","itemListElement":[{"@type":"ListItem","position":1,"name":"Accueil","item":"https:\/\/fermedemenivelle.fr\/"},{"@type":"ListItem","position":2,"name":"March\u00e9s &#8211; Ventes \u00e0 la ferme"}]},{"@type":"WebSite","@id":"https:\/\/fermedemenivelle.fr\/#website","url":"https:\/\/fermedemenivelle.fr\/","name":"Ferme de M\u00e9nivelle - Producteur - Mara\u00eecher","description":"","publisher":{"@id":"https:\/\/fermedemenivelle.fr\/#organization"},"alternateName":"Ferme de Menivelle","potentialAction":[{"@type":"SearchAction","target":{"@type":"EntryPoint","urlTemplate":"https:\/\/fermedemenivelle.fr\/?s={search_term_string}"},"query-input":{"@type":"PropertyValueSpecification","valueRequired":true,"valueName":"search_term_string"}}],"inLanguage":"fr-FR"},{"@type":"Organization","@id":"https:\/\/fermedemenivelle.fr\/#organization","name":"Ferme de Menivelle","alternateName":"Ferme de Menivelle","url":"https:\/\/fermedemenivelle.fr\/","logo":{"@type":"ImageObject","inLanguage":"fr-FR","@id":"https:\/\/fermedemenivelle.fr\/#\/schema\/logo\/image\/","url":"https:\/\/fermedemenivelle.fr\/wp-content\/uploads\/2024\/12\/Tomate-\u2013-copie-3.png","contentUrl":"https:\/\/fermedemenivelle.fr\/wp-content\/uploads\/2024\/12\/Tomate-\u2013-copie-3.png","width":4096,"height":4096,"caption":"Ferme de Menivelle"},"image":{"@id":"https:\/\/fermedemenivelle.fr\/#\/schema\/logo\/image\/"}}]}},"_links":{"self":[{"href":"https:\/\/fermedemenivelle.fr\/index.php\/wp-json\/wp\/v2\/pages\/16","targetHints":{"allow":["GET"]}}],"collection":[{"href":"https:\/\/fermedemenivelle.fr\/index.php\/wp-json\/wp\/v2\/pages"}],"about":[{"href":"https:\/\/fermedemenivelle.fr\/index.php\/wp-json\/wp\/v2\/types\/page"}],"author":[{"embeddable":true,"href":"https:\/\/fermedemenivelle.fr\/index.php\/wp-json\/wp\/v2\/users\/1"}],"replies":[{"embeddable":true,"href":"https:\/\/fermedemenivelle.fr\/index.php\/wp-json\/wp\/v2\/comments?post=16"}],"version-history":[{"count":52,"href":"https:\/\/fermedemenivelle.fr\/index.php\/wp-json\/wp\/v2\/pages\/16\/revisions"}],"predecessor-version":[{"id":835,"href":"https:\/\/fermedemenivelle.fr\/index.php\/wp-json\/wp\/v2\/pages\/16\/revisions\/835"}],"wp:attachment":[{"href":"https:\/\/fermedemenivelle.fr\/index.php\/wp-json\/wp\/v2\/media?parent=16"}],"curies":[{"name":"wp","href":"https:\/\/api.w.org\/{rel}","templated":true}]}}